 9*s**2. Is w(-6) a prime number?
True
Let v(y) = -9*y + 37. Let u be v(4). Is (u - -1)/(46/44689) prime?
False
Let p be (28/(-8) + -4)*6. Let z = 166 - p. Is z composite?
False
Suppose 3*h + p = 5807, -14*p = -16*p + 10. Is h a composite number?
True
Suppose -3*x - 1 = -7. Suppose x*p = 7*p - 1585. Is p composite?
False
Let x(d) = 10 - 55*d + 6 - 30*d - 12. Let q = 2 + -5. Is x(q) a prime number?
False
Let h = 244 + -172. Suppose 7*o - 4*o = -4*n + 118, 2*o - h = -4*n. Suppose o - 170 = -4*l. Is l a composite number?
False
Is -14*((-822)/4 - (7 - 2)) composite?
True
Suppose -90 = 4*p - 1246. Let z = p + 30. Is z a prime number?
False
Suppose -5*a - 5*k + 78 = 28, 3*k = 15. Suppose 0 = 3*u - u - 4*l - 658, a*l = 4*u - 1319. Is u prime?
True
Let z = 1353 - 809. Suppose -z = -a + 690. Suppose -a + 489 = -5*j. Is j composite?
False
Let g = 261 - 135. Suppose 43*o = 41*o + 270. Suppose i = -l + 264, -l + o = -2*i - g. Is l prime?
True
Let g(t) = t - 3. Let o be g(3). Suppose o = -l - 3*l + 1676. Is l a composite number?
False
Suppose 24*y - 20*y + 52665 = 5*m, 0 = -4*m - y + 42111. Is m a prime number?
True
Let c be 6/4*16/(-4). Let r = -1 - c. Suppose -r*b + 19 = -4*b. Is b composite?
False
Suppose -136849 = -20*x - 30749. Is x a prime number?
False
Suppose -10*l + 1977363 = -l. Is l a composite number?
False
Let s(a) = a - 3*a + 3 + 5*a**2 - 7*a**2 - 4*a**2 - 5*a**3. Let r be s(-5). Is 8/(-44) + r/22 composite?
True
Is -5 - ((-11216)/(-12))/(4/(-18)) composite?
False
Is (294/28)/((-12)/(-36968)) a prime number?
False
Let n be ((-30)/3)/(2/(-22)). Suppose 4*k + 4*s = 9*s + 40, 41 = 5*k - 4*s. Suppose -k*g + 0*g = -n. Is g composite?
True
Suppose 89 = -5*c - 76. Is (1838/2 - 1) + c + 36 prime?
False
Let q be 3/2*(28/(-6) - 2). Is (q/3)/(2/(-1623)) a prime number?
False
Let m(i) = 335*i**2 + 7*i + 5. Is m(-3) prime?
True
Suppose -5*f + 33 = i, -5*f + 0*i + 27 = 4*i. Is 48 + (-20)/5 + f a composite number?
True
Let i be 4 + -4 + 6/2. Suppose -5*j + 400 = -j + 2*m, 2*j - 184 = i*m. Let q = 177 - j. Is q a prime number?
True
Suppose 191 - 29 = 9*k. Is (9102/k)/((-1)/(-3)) composite?
True
Let k = -3 - -8. Let v = -33 - -37. Suppose 2*i = -w + 155, -k*i + 2*i + 225 = v*w. Is i prime?
True
Suppose -14137 = -9*o + 8246. Is o composite?
True
Is ((-7)/(-2))/(3/762) composite?
True
Let p = 1 + 1. Let z(n) = 0 + 2 + p*n - 1 + 10*n**2. Is z(-2) composite?
False
Let y = 30817 - 12804. Is y a composite number?
False
Is (-4)/((-4)/6*(-93)/(-1147)) prime?
False
Let r(a) = -a**3 - 4*a**2 + 3*a - 7. Let j be r(-5). Is (-5 + 0)*(2 - j)*311 composite?
True
Let i = 15 - 10. Suppose 2*a - i*g - 8 = 0, 4*g + 20 = 5*a + g. Is ((-631)/(-2))/(a/8) a composite number?
False
Let z(c) be the first derivative of -c + 2/3*c**3 + 15/2*c**4 - 10 + c**2. Is z(2) prime?
True
Suppose -166*d + 163*d = -36273. Is d a composite number?
True
Let y = 1862 - -2019. Is y a composite number?
False
Let j be 4*(-1 + (-30)/(-8)). Suppose 3*p - j + 50 = s, 0 = -3*s - 2*p + 161. Suppose h - 92 = s. Is h a prime number?
False
Let z = 10 + -25. Suppose -2016 = k + 2055. Is k/(-6) + z/10 a composite number?
False
Let d = 106 + -90. Suppose -19*i = -d*i - 1605. Is i composite?
True
Is 2/(-4)*(-12170 + 10 + 2) a prime number?
True
Let n(y) = 1021*y + 39. Is n(2) prime?
True
Let r(p) = -3*p**3 - 17*p**2 - 17*p + 466. Let j(g) = -g**3 - 6*g**2 - 6*g + 155. Let b(k) = -17*j(k) + 6*r(k). Is b(0) a prime number?
False
Let w(s) = -250*s**3 - s. Let x(v) = -v**3 - 6*v**2 - 4*v + 4. Let q = -5 + 0. Let t be x(q). Is w(t) a composite number?
False
Suppose -g - 4*z = -1498, 2*g = -0*z - 4*z + 2984. Suppose 7352 = 5*j - s, s = j + 6*s - g. Is j prime?
True
Is (-4)/30 - 261574/(-30) composite?
False
Let w(c) = 102*c - 1. Let x be ((-77)/(-14) - (-2)/(-4)) + 2. Is w(x) a composite number?
True
Suppose 4*b + 0*b + 2*l = 33336, -5*l = 10. Is b prime?
False
Let j(z) = 17*z**2 - 8*z + 4. Suppose -5*x = 8 + 2, 3*i + x - 13 = 0. Suppose y + 0 = i. Is j(y) composite?
False
Let r be (6/4)/((-6)/(-2208)). Suppose r = -3*h + 4*b + 32, -1 = -b. Let j = 291 + h. Is j composite?
True
Let i = 22927 + -12890. Is i a composite number?
False
Let r = 8398 - 3985. Is r prime?
False
Let z = -92 - -91. Is 5 + (-8136)/(-7 - z) prime?
True
Let b = -27 - -45. Let o = -10 + b. Suppose 4*l = 12, -r + 5*l + o = -56. Is r prime?
True
Suppose 7*m - 25 = 2*m. Suppose 10 = -4*b - 0*b + m*x, 4*x - 8 = -5*b. Suppose -z - t = -265, 4*z - 2*t - 1303 + 219 = b. Is z a prime number?
True
Let l = -810 + 1567. Is l prime?
True
Let b be (-2)/((-4)/(-2596)*-1). Let y = b + -521. Suppose 0 = -3*g - 0*g + y. Is g prime?
False
Let f = -29 - -36. Is (-1)/((f + -4)/(-3633)) prime?
False
Let y = -2303 - -4104. Is y a composite number?
False
Let q = 53 + -44. Let v(p) = 10*p**2 + 21*p - 8. Is v(q) composite?
False
Let z be (-8)/(-2) + 0 + 1. Let m(q) = -4 - 1 - 6*q + z + 2*q**2 - 1. Is m(8) a composite number?
False
Suppose 6 = 5*g - 3*g. Suppose g*r + 5*r = 2632. Is r a composite number?
True
Let k = 828 + -1777. Let r = k + 1582. Is r composite?
True
Let a(b) = 4*b**2 + b - 12. Suppose -20 = 4*k - 4*i, 0 = -0*i + 4*i. Is a(k) prime?
True
Suppose -34*z = -33*z - 3696. Let g = -991 + z. Is g a composite number?
True
Let j be 2 + -7 + (2 - 4/(-4)). Is ((-212)/8)/((-3)/(-12)*j) composite?
False
Is (-6)/(-16) + 806771/184 a prime number?
False
Suppose 2*b - b + 2246 = 0. Let f = -985 - b. Is f composite?
True
Is (-4)/18 - (0 - 482793/27) prime?
True
Let k(q) be the third derivative of q**5/15 + q**4/24 - q**3/3 + 4*q**2. Let x be k(3). Let t = x - 18. Is t a composite number?
False
Suppose i + 305264 = 17*i. Is i a prime number?
True
Let d = -17 - -10. Let h(s) = -s**3 + 7*s**2 - 4*s - 7. Is h(d) prime?
False
Suppose -2*l + 0*w = -w - 4, l + 5*w = 24. Suppose -z - 605 = -6*z + y, -l*z + 484 = 3*y. Suppose -z + 10 = -3*x. Is x a composite number?
False
Suppose -4*z + 9*z - 11318 = -2*p, p - 5685 = 4*z. Is p composite?
False
Suppose 2*z = -5*p - 1, 0 = -4*z - 4*p - 2 + 6. Suppose q = z*q - 103. Suppose -2*d = -a - q - 88, 3*d = 4*a + 299. Is d a prime number?
False
Suppose 11*h - 46941 = 63136. Is h a composite number?
False
Suppose 28*d = 15*d + 95043. Is d composite?
True
Let n = -168 - -335. Is n composite?
False
Let g(z) be the third derivative of -29*z**6/360 - z**5/40 + 11*z**4/24 + 6*z**2. Let q(f) be the second derivative of g(f). Is q(-5) prime?
False
Is ((-306)/42 - -7) + 382890/14 composite?
True
Is (-144)/96 + 339/6 + 2 a composite number?
True
Let o = 18 + 12. Let i be o/(-6)*2/5. Is (1 + i)*-79*1 a prime number?
True
Suppose -10*j + 3*j + 14 = 0. Suppose -10061 + 3343 = -j*d. Is d composite?
False
Let o(j) = -2 + j - j**2 + 0*j**3 + 2*j**3 - 22*j**3 - 3*j. Is o(-1) composite?
False
Let n(s) = 20*s + 3. Let t(f) = -20*f - 3. Let i(l) = -4*n(l) - 5*t(l). Is i(5) prime?
True
Is 54480/102 - -11 - (-2)/(-17) a composite number?
True
Suppose -v + 3 = 0, -4*s - 9717 = -4*v + 1843. Let j = s + 4074. Is j a composite number?
False
Let z = -3 - -10. Suppose 2478 = -k + z*k. Is k a prime number?
False
Suppose 73 - 331 = -6*z. Is z a prime number?
True
Let l be 88/10 + (-2)/(-10). Let g(s) = s**3 - 8*s**2 - 8*s - 6. Let i be g(l). Suppose -82 = -2*r + i*u, u = -5*r + 3*u + 183. Is r a prime number?
False
Let p(n) = -n**2 - 4*n - 2. Let z be p(-4). Let x be (z + -1)/(-3)*3. Suppose -o + 31 = -3*r, 2*r = -2*o + x*r + 42. Is o composite?
False
Is 1187 + 10/2 + -6 prime?
False
Let i(f) = -16*f**2 - f. Let k be i(1). Let l(p) = -62*p + 7. Is l(k) a composite number?
False
Let f(v) = v**2 + 15*v + 653. Is f(75) prime?
False
Let k(m) = -m**3 - 6*m**2 + 16*m + 14. Let l be k(-10). Suppose 3*x = l + 25. Is x composite?
True
Let m(d) = 88*d**3 - 2*d**2 + 3*d - 6. Is m(3) composite?
True
Let r = -4 + 6. Suppose b - 154 = r*b - 4*g, 3*g = 4*b + 616. Let t = b - -296. Is t a composite number?
True
Suppose -2*d = -3713 - 2685. Suppose -2*g = -6891 - d. Is g/20 + (-3)/(-4) a composite number?
True
Is 12/(-16)*((-158892)/9 + 0) composite?
False
Let b = 2379 + 1612. Is b prime?
False
Let r = -5518 - -14157. Is r a prime number?
False
Suppose 5*r = -3*r + 32. Suppose -5*a - 2*w - w = -7804, 2*w + 6230 = r*a. Is a composite?
False
Suppose -2*v + 24 = v. Let m(q) = 7*q - 17. Is 